+ 34, -3*b = 3*j - 51. Calculate the remainder when 27 is divided by j.
12
Let p(h) = -h**3 - 8*h**2 - 9*h - 9. Let w be p(-7). Let d = w - -1. Let l(m) = m**3 - 4*m**2 - 6*m - 1. Calculate the remainder when l(d) is divided by 12.
11
Suppose 3*j - 3*q - 243 = 0, 2*q = -2*j + 3*q + 166. Suppose 42 - 13 = s. What is the remainder when j is divided by s?
27
Let u = 91 - 50. Calculate the remainder when u is divided by 14.
13
Let a(x) = x + 16. Let w be a(-7). Let p = w + -4. What is the remainder when 14 is divided by p?
4
Let l(f) = -97*f**2 + f - 2. Let m be l(1). Let p = -61 - m. Calculate the remainder when p is divided by 13.
11
Suppose 0 = -2*p - 6, 4*m = 3*m - 4*p - 9. Suppose 25 = -5*o, f + m - 4 = -4*o. Calculate the remainder when 40 is divided by f.
19
Let y = 11 - -8. What is the remainder when 56 is divided by y?
18
Suppose 4*l - 160 = -40. What is the remainder when 116 is divided by l?
26
Suppose -2*g - 2 = 4. Let o(p) = p**2 + p - 1. Calculate the remainder when o(g) is divided by 4.
1
Suppose -5*i = -25 - 40. Suppose -i = -p + z + 1, 5*p - z = 66. Calculate the remainder when 148/6*3/2 is divided by p.
11
Suppose -1 - 1 = n, 0 = -2*x - n + 28. Calculate the remainder when x is divided by 8.
7
Let s = -111 + 115. Calculate the remainder when 19 is divided by s.
3
Let u = 6 + -4. Suppose 2*n - 5*t - 67 = 0, 4*n + 6*t - 148 = u*t. What is the remainder when n is divided by 13?
10
Suppose -2*n + 2*z - 262 = -5*n, 3*n + z = 263. What is the remainder when n is divided by 18?
16
What is the remainder when (-270)/8*(-8)/3 is divided by 46?
44
Let k(t) = -t**3 + 14*t**2 - 15*t + 14. Let o be k(13). What is the remainder when (-819)/o - (-2)/(-8) is divided by 24?
20
Suppose 0 = -4*b + 8, -b - 2*b + 6 = 3*r. Suppose 8*p - 3*p - 180 = r. Let g = 1 + p. Calculate the remainder when g is divided by 19.
18
Let d(s) = 3*s**2 - 2*s + 3. Let c be (20/(-6))/(4/6). Let k(g) = g**3 + 6*g**2 - 4*g - 3. Calculate the remainder when k(c) is divided by d(2).
9
Let r(k) = -k + 8. Suppose 3*l = -l. Calculate the remainder when (-1)/3 - (-70)/3 is divided by r(l).
7
Suppose -5*n - 10 = 2*u, 0*n + 2*n + 13 = u. Let b(s) = 17*s**2 - s. Calculate the remainder when (69/(-3))/(2/n) is divided by b(1).
14
Suppose 4*i - 24 = i + 3*o, -11 = -4*i - 3*o. Calculate the remainder when 7 is divided by i.
2
Suppose 4*m + 3*b = b - 16, 23 = -3*m + 4*b. Calculate the remainder when 15 is divided by ((-3)/2)/(m/20).
3
Suppose 3*m - 4*w = 30, 5*m - 5*w = -0*m + 45. What is the remainder when m is divided by (12/9)/(1/3)?
2
Let z be 4 + (4 + -1)/(12/4). Suppose 0 = 5*o - 20. Suppose -o*r + 94 = -2*h, 0*r - z*r = h - 121. What is the remainder when r is divided by 9?
6
Let v(z) = z**2 + 6*z - 2. Let g = 5 - 12. What is the remainder when v(g) is divided by 3?
2
Let m(p) = -p**2 - 10*p + 4. Calculate the remainder when 98 is divided by m(-7).
23
Let n = 37 - 37. Suppose n = 2*f - 22. Suppose 4*u + 3*h - 70 = 0, 0*u - 28 = -2*u - 5*h. Calculate the remainder when u is divided by f.
8
Let x = -36 - -60. Suppose 4*v + 11 = 3*r - 0, -r + v + 5 = 0. What is the remainder when x is divided by r?
6
Let s(f) = f**3 - 4*f**2 + 4*f + 7. Let h be 3/(-3) - (-4 + 0). Suppose -4*p - 1 + 11 = 5*c, p = -c + h. What is the remainder when s(p) is divided by 18?
16
Let i(o) = 13*o**2 - 10*o + 19. Calculate the remainder when i(2) is divided by 19.
13
Suppose -3 = 3*z + 6. Let c = 46 + -32. What is the remainder when z/6 - (-83)/2 is divided by c?
13
Let c = 66 + -38. Let p = -19 + c. What is the remainder when 25 is divided by p?
7
Suppose -2*l + 5*m + 400 = 25, l + 2*m = 210. Calculate the remainder when 4/(-22) - l/(-11) is divided by 10.
8
Suppose -33 - 12 = -5*c. Calculate the remainder when 42 is divided by c.
6
Let a be 6 + (2 - (4 + 0)). Suppose -2*w + 2 = 2*o + 3*o, a*w - o = 26. Suppose -n - w = -2*n. What is the remainder when n is divided by 2?
0
Suppose -16 = -2*j - 2*j. What is the remainder when j is divided by 8/18*(-99)/(-22)?
0
Calculate the remainder when 7/((-49)/(-14)) - (-87)/1 is divided by 23.
20
Suppose -39 + 18 = -k - 4*x, -5*k - 2*x = -33. Suppose 1 + 0 = -3*r - 5*u, k*u = -2*r - 9. Calculate the remainder when r is divided by 5.
3
Let a be (1 - -3) + (-3)/(-1). Let g(t) = 3*t - 16. What is the remainder when g(a) is divided by 4?
1
Let s = 15 - 8. Suppose 6*r + 30 = 3*w + 3*r, -5*w + 4*r + 45 = 0. Let b = 8 - w. Calculate the remainder when s is divided by b.
1
Suppose 2*f - 4*f = -10. Suppose 25 = f*p, 43 = 2*y - p + 6*p. Calculate the remainder when y is divided by 5.
4
Suppose -q = -0*l + 2*l - 2, l = q - 14. Suppose -5*w = -2*w - 123. Suppose 4*u = 4*v + 100, -18 - w = -2*u - v. Calculate the remainder when u is divided by q.
8
Let x = 12 + 8. What is the remainder when 58 is divided by x?
18
Suppose -6*h + i - 5 = -2*h, 0 = 4*h + 3*i + 17. Calculate the remainder when 50 is divided by h + 3 + (-36)/(-3).
11
Let s(p) = -p**3 + 8*p**2 + 12*p + 5. Let y be 4/18 + 158/18. Let h be s(y). Let w = h - 23. What is the remainder when 25 is divided by w?
7
Calculate the remainder when (2*-1)/(18/(-369)) is divided by 21.
20
Let n be 0 - -2*15/2. Calculate the remainder when 18 is divided by (-46)/(-8) - n/20.
3
Let t = -1 - -4. Suppose 8*n - t*n - 60 = 0. Suppose 4*k = 3*k + n. Calculate the remainder when k is divided by 7.
5
What is the remainder when 9 is divided by (-4 - 26/4)*(-2)/3?
2
Suppose -3*x = -4*x. Suppose x*a - a + 2*r + 44 = 0, 4*r + 8 = 0. What is the remainder when a is divided by 21?
19
Let s = 167 - 48. Calculate the remainder when s is divided by 40.
39
Let t = 34 - 21. Suppose 0 = -z - 2*f + t, -z + f + 0*f = -25. What is the remainder when 61 is divided by z?
19
Calculate the remainder when (-3)/((-6)/218) - 18/(-9) is divided by 28.
27
What is the remainder when 130 is divided by ((144/4)/(-6))/(2/(-4))?
10
Let o = 72 - 101. Let c = 41 + o. What is the remainder when 45 is divided by c?
9
Let i(m) = 4 + 9 + m - 3. Let l be i(-7). Suppose -l*o = -0*o - 33. What is the remainder when 32 is divided by o?
10
Let c be (-4)/(-10) + (-146)/(-10). Suppose c = 5*j - 5. Suppose -36 - j = -f. Calculate the remainder when f is divided by 14.
12
Suppose 0 = -4*d + 68 + 12. Calculate the remainder when 59 is divided by d.
19
Suppose 0 = -5*c + 2*c + 42. Calculate the remainder when 55 is divided by c.
13
Suppose -4*z - 17 + 77 = 0. What is the remainder when 43 is divided by z?
13
Let k(c) = c**2 - 4*c - 4. Let h be k(5). Let x = 25 + -14. What is the remainder when 1/h*(-3 - -34) is divided by x?
9
Let i = -7 + 11. Let w = -48 + 52. Suppose 10 = 5*v, i*f - 22 + 6 = w*v. What is the remainder when f is divided by 4?
2
Let p = 44 + 3. Calculate the remainder when p is divided by 8/(-2*4/(-16)).
15
Let i be 177*1*1/3. Suppose -3*c = -5*v - i, 2*v - 50 = -2*c - 0*v. What is the remainder when c is divided by 6?
5
Let v(a) = -3*a - 5. Suppose 4*k - 8 = s - 3*s, 2*k = -3*s - 4. Let i be v(s). Suppose -3*y = -32 - i. What is the remainder when 37 is divided by y?
11
Suppose -x - 4 = 3*y, -3 + 1 = x + 2*y. Let o = -7 - 1. Let j(q) = -q - 1. What is the remainder when j(o) is divided by x?
1
Let j(c) = c**3 - 6*c**2 + 2. Let p be j(6). Suppose 27 = p*h + h. What is the remainder when 16 is divided by h?
7
Suppose 0 = -3*v + 7*v. Suppose v = r + 5, 2*r + 79 = p + 2*p. Let n(m) = m**3 - 3*m**2 - m. Calculate the remainder when p is divided by n(4).
11
Suppose 26 = -2*b + 3*y, 3*b + 21 - 4 = -y. Let i(f) = f**2 + 6*f - 4. What is the remainder when 9 is divided by i(b)?
0
Suppose -5*a + 31 = -4. Calculate the remainder when a is divided by 2.
1
Let d(p) = -p**3 - 3*p**2 - p + 5. Let v be d(-4). Let r = v + 21. Calculate the remainder when r is divided by 12.
10
Let q be (1/(-2))/((-1)/8). Suppose 4*f - 39 = 5*j, 10 = 5*f + q*j - 49. Calculate the remainder when f is divided by 3.
2
Let u = 29 - 1. Let h be 0 - -1 - (-9)/3. Calculate the remainder when u is divided by (h*-4)/(-2) + 2.
8
What is the remainder when (-30)/(-2) + (0 - -1)*-2 is divided by 3?
1
Calculate the remainder when ((-40)/(-15) - 4)/((-3)/108) is divided by 17.
14
Let t(p) = -20*p + 15. Calculate the remainder when t(-9) is divided by 14.
13
Suppose 4*m - 10 - 6 = -4*h, 4*m - 12 = 0. Suppose 0 + h =